{"id":2,"date":"2022-07-05T16:32:16","date_gmt":"2022-07-05T13:32:16","guid":{"rendered":"http:\/\/www.wpnux.godaddy.com\/personal-blog\/?page_id=2"},"modified":"2025-09-02T12:33:24","modified_gmt":"2025-09-02T09:33:24","slug":"hakkinda","status":"publish","type":"page","link":"https:\/\/yolcu360.com\/blog\/hakkinda\/","title":{"rendered":"Hakk\u0131m\u0131zda"},"content":{"rendered":"\n<div style=\"height:66px\" aria-hidden=\"true\" class=\"wp-block-spacer\"><\/div>\n\n\n<h2><strong><span style=\"font-family: arial, helvetica, sans-serif;\">Yolcu360 Blog<\/span><\/strong><\/h2>\n<div><span style=\"font-family: arial, helvetica, sans-serif;\">Yolcu360 blog ekibi olarak gezginlere ve araba tutkunlar\u0131na \u00f6zel i\u00e7erikler \u00fcretmekten b\u00fcy\u00fck keyif al\u0131yoruz. Alan\u0131nda uzman yazar kadromuzun elinden \u00e7\u0131kan yaz\u0131lar\u0131m\u0131zla bilgi kayna\u011f\u0131 olu\u015fturarak fayda sa\u011fl\u0131yoruz.<\/span><\/div>\n<div><span style=\"font-family: arial, helvetica, sans-serif;\">\u00a0<\/span><\/div>\n<div><span style=\"font-family: arial, helvetica, sans-serif;\">Bu sayfada gurme tavsiyelerinden gezi rehberine, foto\u011fraf\u00e7\u0131l\u0131k derslerinden s\u00fcr\u00fc\u015f t\u00fcyolar\u0131na ve otomobil haberlerinden araba incelemelerine kadar pek \u00e7ok ba\u015fl\u0131k alt\u0131nda derledi\u011fimiz \u00e7al\u0131\u015fmalar\u0131m\u0131z\u0131 kolayl\u0131kla bulabilirsiniz.<\/span><\/div>\n<div>\u00a0<\/div>\n<ul>\n<li><strong><span style=\"font-family: arial, helvetica, sans-serif;\">Yazarl\u0131k ve Sponsorluk Ba\u015fvurular\u0131:<\/span><\/strong><\/li>\n<\/ul>\n<p>Blogumuzda fayda sa\u011flayaca\u011f\u0131n\u0131z\u0131 umdu\u011funuz yaz\u0131lar\u0131n\u0131z\u0131 bizimle payla\u015fmak istiyorsan\u0131z yapman\u0131z gereken \u015fey \u00e7ok basit. Yolcu360 Instagram hesab\u0131n\u0131 takip ederek bize mesaj at\u0131n. Yaz\u0131lar\u0131n\u0131zla ilgili her t\u00fcrl\u00fc geri d\u00f6n\u00fc\u015f sa\u011flanacakt\u0131r. :)<\/p>\n<div><span style=\"font-family: arial, helvetica, sans-serif;\">Bize i\u00e7erik g\u00f6ndermek, i\u00e7eriklerimize veya blog sayfam\u0131za sponsor olmak istiyorsan\u0131z <strong>blog@yolcu360.com<\/strong> adresine mail atarak \u00e7\u00f6z\u00fcm ortakl\u0131\u011f\u0131 noktas\u0131nda teklifinizi sunabilirsiniz.<\/span><\/div>\n<div><span style=\"font-family: arial, helvetica, sans-serif;\"><img fetchpriority=\"high\" decoding=\"async\" class=\"lazyload_inited size-medium wp-image-39688 aligncenter\" src=\"https:\/\/yolcu360.com\/blog\/wp-content\/uploads\/2021\/02\/blog-logo-500x117.jpg\" alt=\"\" width=\"500\" height=\"117\" srcset=\"https:\/\/yolcu360.com\/blog\/wp-content\/uploads\/2021\/02\/blog-logo-500x117.jpg 500w, https:\/\/yolcu360.com\/blog\/wp-content\/uploads\/2021\/02\/blog-logo-1024x240.jpg 1024w, https:\/\/yolcu360.com\/blog\/wp-content\/uploads\/2021\/02\/blog-logo-150x35.jpg 150w, https:\/\/yolcu360.com\/blog\/wp-content\/uploads\/2021\/02\/blog-logo-768x180.jpg 768w, https:\/\/yolcu360.com\/blog\/wp-content\/uploads\/2021\/02\/blog-logo-960x225.jpg 960w, https:\/\/yolcu360.com\/blog\/wp-content\/uploads\/2021\/02\/blog-logo-585x137.jpg 585w, https:\/\/yolcu360.com\/blog\/wp-content\/uploads\/2021\/02\/blog-logo.jpg 1280w\" sizes=\"(max-width: 600px) 100vw, 500px\" \/>\u00a0<\/span><\/div>\n<h3>Yolcu360 Ara\u00e7 Kiralamak Ne Kolaym\u0131\u015f!<\/h3>\n<div>\n<p>T\u00fcrkiye&#8217;nin ilk Misafir Memnuniyet Merkezini kurarak \u015fimdiye kadar bir\u00e7ok misafirimize yol arkada\u015fl\u0131\u011f\u0131 yapt\u0131k. Yolcu360 ailesi olarak g\u00fcn\u00fcn her saatinde misafirlerimize mutluluk da\u011f\u0131tmay\u0131 seviyoruz. <span style=\"font-family: arial, helvetica, sans-serif;\">Keyifli bir sohbetin yan\u0131 s\u0131ra hobi olarak ara\u00e7 kiralamak isteyen herkese memnuniyetle yard\u0131mc\u0131 oluyoruz.<\/span><\/p>\n<p><span style=\"font-family: arial, helvetica, sans-serif;\">T\u00fcrkiye\u2019nin en b\u00fcy\u00fck online ara\u00e7 kiralama sitesi ve uygulamas\u0131 ile 7\/24 ara\u00e7 kiralamak isteyen herkesin y\u00fcz\u00fcnde bir g\u00fcl\u00fcmseme olu\u015fmas\u0131 i\u00e7in \u00e7abal\u0131yoruz. Stres, masraf, kayg\u0131 gibi kelimeleri misafirlerimizin hayat\u0131ndan \u00e7\u0131karmak i\u00e7in kendimizi s\u00fcrekli geli\u015ftiriyor ve yeniliyoruz. Yolcu360 olarak kendisi i\u00e7in en ideal arac\u0131 arayan misafirlerimizin arzular\u0131n\u0131 ger\u00e7ekle\u015ftirirken onlara en uygun fiyat garantisini de sunuyoruz.<\/span><\/p>\n<p>Biz arabayla uzun yola \u00e7\u0131kmay\u0131 \u00e7ok seviyoruz. Sizleri de bizimle birlikte mutlu bir yolculu\u011fa \u00e7\u0131kmaya davet ediyoruz.<\/p>\n<ul>\n<li><strong><span style=\"font-family: arial, helvetica, sans-serif;\">G\u00fcven + Kolayl\u0131k = Mutluluk!<\/span><\/strong><\/li>\n<\/ul>\n<p><span style=\"font-family: arial, helvetica, sans-serif;\">Peki nas\u0131l \u00e7al\u0131\u015f\u0131yoruz? Teknolojiye ve bilginin g\u00fcc\u00fcne inanan dinamik ekibimiz, anla\u015fmal\u0131 oldu\u011fumuz 50\u2019den fazla tedarik\u00e7ilerimizle g\u00fcvenli bir hizmeti sizlere garanti ediyoruz. Hem ara\u00e7 kiralamay\u0131 birka\u00e7 t\u0131kla m\u00fcmk\u00fcn hale getiriyor hem de 7\/24 a\u00e7\u0131k destek hatt\u0131m\u0131zla misafirlerimizin hi\u00e7bir zaman yan\u0131ndan ayr\u0131lm\u0131yoruz.<\/span><\/p>\n<p>Sekt\u00f6r\u00fcn al\u0131\u015fkanl\u0131klar\u0131n\u0131 teknolojinin g\u00fcc\u00fcyle birle\u015ftirerek i\u015f ortaklar\u0131m\u0131zla birlikte b\u00fcy\u00fcmeyi ama\u00e7l\u0131yoruz. Bu sayede \u00fclkemizi globalde de en iyi \u015fekilde temsil edece\u011fimize inan\u0131yoruz.<\/p>\n<p><span style=\"font-family: arial, helvetica, sans-serif;\">Daha \u00f6nce g\u00f6rmedi\u011fi yerlere giden, yeni insanlarla tan\u0131\u015fan, harika foto\u011fraflar \u00e7ekip payla\u015fan ve g\u00fczel bir yolculuktan sonra evine d\u00f6nen herkesin mutlulu\u011funda pay sahibi olmak ise en b\u00fcy\u00fck motivasyonumuz!<\/span><\/p>\n<p><span style=\"font-family: arial, helvetica, sans-serif;\">Yolcu360, ara\u00e7 kiralamak ne kolaym\u0131\u015f! :)<\/span><\/p>\n<\/div>","protected":false},"excerpt":{"rendered":"<p>Yolcu360 Blog Yolcu360 blog ekibi olarak gezginlere ve araba tutkunlar\u0131na \u00f6zel i\u00e7erikler \u00fcretmekten b\u00fcy\u00fck keyif al\u0131yoruz. Alan\u0131nda uzman yazar kadromuzun elinden \u00e7\u0131kan yaz\u0131lar\u0131m\u0131zla bilgi kayna\u011f\u0131 olu\u015fturarak fayda sa\u011fl\u0131yoruz. \u00a0 Bu sayfada gurme tavsiyelerinden gezi rehberine, foto\u011fraf\u00e7\u0131l\u0131k derslerinden s\u00fcr\u00fc\u015f t\u00fcyolar\u0131na ve otomobil haberlerinden araba incelemelerine kadar pek \u00e7ok ba\u015fl\u0131k alt\u0131nda derledi\u011fimiz \u00e7al\u0131\u015fmalar\u0131m\u0131z\u0131 kolayl\u0131kla bulabilirsiniz. \u00a0 Yazarl\u0131k&hellip;<\/p>\n","protected":false},"author":27,"featured_media":49590,"parent":0,"menu_order":0,"comment_status":"closed","ping_status":"closed","template":"","meta":{"_lmt_disableupdate":"","_lmt_disable":"","footnotes":""},"class_list":["post-2","page","type-page","status-publish","has-post-thumbnail","hentry"],"_links":{"self":[{"href":"https:\/\/yolcu360.com\/blog\/wp-json\/wp\/v2\/pages\/2","targetHints":{"allow":["GET"]}}],"collection":[{"href":"https:\/\/yolcu360.com\/blog\/wp-json\/wp\/v2\/pages"}],"about":[{"href":"https:\/\/yolcu360.com\/blog\/wp-json\/wp\/v2\/types\/page"}],"author":[{"embeddable":true,"href":"https:\/\/yolcu360.com\/blog\/wp-json\/wp\/v2\/users\/27"}],"replies":[{"embeddable":true,"href":"https:\/\/yolcu360.com\/blog\/wp-json\/wp\/v2\/comments?post=2"}],"version-history":[{"count":0,"href":"https:\/\/yolcu360.com\/blog\/wp-json\/wp\/v2\/pages\/2\/revisions"}],"wp:featuredmedia":[{"embeddable":true,"href":"https:\/\/yolcu360.com\/blog\/wp-json\/wp\/v2\/media\/49590"}],"wp:attachment":[{"href":"https:\/\/yolcu360.com\/blog\/wp-json\/wp\/v2\/media?parent=2"}],"curies":[{"name":"wp","href":"https:\/\/api.w.org\/{rel}","templated":true}]}}